{"id":98,"date":"2015-01-29T01:51:07","date_gmt":"2015-01-28T23:51:07","guid":{"rendered":"http:\/\/www.xn--brgerbus-weyhe-gsb.de\/wordpress\/?page_id=98"},"modified":"2026-01-01T15:54:10","modified_gmt":"2026-01-01T14:54:10","slug":"fahrpreise","status":"publish","type":"page","link":"https:\/\/www.buergerbus-weyhe.de\/?page_id=98","title":{"rendered":"Fahrpreise"},"content":{"rendered":"<p><strong>Wir fahren im VBN<\/strong><\/p>\n<p>In den B\u00fcrgerbussen gilt der Tarif des Verkehrsverbundes Bremen-Niedersachsen (VBN).<\/p>\n<ul>\n<li>Wer ausschlie\u00dflich die B\u00fcrgerBusse in der Gemeinde Weyhe benutzt, zahlt bei uns die Preisstufe A.<\/li>\n<li>Einzeltickets und Abschnitte der 4erTickets der Preisstufe A sind bei einer Fahrt auf das Ziel hin drei Stunden g\u00fcltig. Fahrtunterbrechungen sind innerhalb der genannten Zeit gestattet.<\/li>\n<li>Wer eine VBN-Karte von au\u00dferhalb nach Weyhe besitzt (z.B. von Bremen nach Kirchweyhe) oder eine Monatskarte, in der die Zone Weyhe enthalten ist, kann damit auch die B\u00fcrgerBusse benutzen &#8211; ohne Zuzahlung.<\/li>\n<li>In den B\u00fcrgerBussen k\u00f6nnen Sie Fahrkarten f\u00fcr das gesamte VBN-Gebiet kaufen, also z.B. gleich das Ticket nach Bremen l\u00f6sen, auch Monatskarten und Niedersachsen-Tickets, leider jedoch kein MIA- oder BOB-Ticket und auch kein Deutschlandticket (63 \u20ac-Ticket).<\/li>\n<li>Kinder unter 6 Jahren ben\u00f6tigen kein Ticket, Kinder-Einzel-Tickets k\u00f6nnen von Kindern zwischen 6 und unter 15 Jahren genutzt werden<\/li>\n<li>Mit dem Deutschland-Ticket k\u00f6nnen Sie auch die B\u00fcrgerBusse nutzen<\/li>\n<\/ul>\n<p><strong>Tickets Preisstufe A (ganz Weyhe), g\u00fcltig ab 01.01.2026<\/strong><\/p>\n<table>\n<tbody>\n<tr>\n<td><strong>Erwachsene<\/strong><\/td>\n<td><strong>EUR<\/strong><\/td>\n<\/tr>\n<tr>\n<td>\u00a0\u00a0\u00a0&#8211; Einzelticket<\/td>\n<td>\u00a0 2,55<\/td>\n<\/tr>\n<tr>\n<td>\u00a0\u00a0\u00a0&#8211; 4erTicket (= pro Fahrt 2,30 EUR)<\/td>\n<td>\u00a0 9,20<\/td>\n<\/tr>\n<tr>\n<td>\u00a0\u00a0 &#8211; Kurzstreckenticket ( 3 Haltestellen )<\/td>\n<td>\u00a0 1,80<\/td>\n<\/tr>\n<tr>\n<td>\u00a0\u00a0\u00a0&#8211; Tagesticket 1 Erwachsener + bis zu 3 Kinder<\/td>\n<td>\u00a0 7,30<\/td>\n<\/tr>\n<tr>\n<td>\u00a0\u00a0\u00a0&#8211; Tagesticket 2 Erwachsene + bis zu 3 Kinder<\/td>\n<td>\u00a0 10,60<\/td>\n<\/tr>\n<tr>\n<td>\u00a0\u00a0\u00a0&#8211; Tagesticket 3 Erwachsene + bis zu 3 Kinder<\/td>\n<td>\u00a0 13,90<\/td>\n<\/tr>\n<tr>\n<td>\u00a0\u00a0 &#8211; 7-Tage-Ticket<\/td>\n<td>\u00a0 18,90<\/td>\n<\/tr>\n<tr>\n<td>\u00a0\u00a0 &#8211; Monatsticket<\/td>\n<td>\u00a0 62,90<\/td>\n<\/tr>\n<tr>\n<td><\/td>\n<td><\/td>\n<\/tr>\n<tr>\n<td>\u00a0\u00a0 <strong>Niedersachsen-Ticket f\u00fcr eine Person <\/strong>(zus\u00e4tzlich bis zu 3 Kinder im Alter 6-14 unentgeltlich)<strong><br \/>\n<\/strong><\/td>\n<td>\u00a029,00<\/td>\n<\/tr>\n<tr>\n<td>\u00a0\u00a0 <strong>Niedersachsen-Ticket jede weitere Person <\/strong>(max 5)<br \/>\n(zus\u00e4tzlich bis zu 3 Kinder unentgeltlich)<\/td>\n<td>\u00a0+8,00<\/td>\n<\/tr>\n<tr>\n<td><\/td>\n<td><\/td>\n<\/tr>\n<tr>\n<td><strong>Kinder-EinzelTicket<\/strong><br \/>\n(bis zum vollendeten 14. Lebensjahr)<\/td>\n<td>\u00a0\u00a0 1,35<\/td>\n<\/tr>\n<tr>\n<td><\/td>\n<td><\/td>\n<\/tr>\n<tr>\n<td><\/td>\n<td><\/td>\n<\/tr>\n<\/tbody>\n<\/table>\n","protected":false},"excerpt":{"rendered":"<p>Wir fahren im VBN In den B\u00fcrgerbussen gilt der Tarif des Verkehrsverbundes Bremen-Niedersachsen (VBN). Wer ausschlie\u00dflich die B\u00fcrgerBusse in der Gemeinde Weyhe benutzt, zahlt bei uns die Preisstufe A. Einzeltickets und Abschnitte der 4erTickets der Preisstufe A sind bei einer<\/p>\n","protected":false},"author":14,"featured_media":0,"parent":0,"menu_order":0,"comment_status":"closed","ping_status":"open","template":"","meta":{"footnotes":""},"class_list":["post-98","page","type-page","status-publish","hentry"],"_links":{"self":[{"href":"https:\/\/www.buergerbus-weyhe.de\/index.php?rest_route=\/wp\/v2\/pages\/98","targetHints":{"allow":["GET"]}}],"collection":[{"href":"https:\/\/www.buergerbus-weyhe.de\/index.php?rest_route=\/wp\/v2\/pages"}],"about":[{"href":"https:\/\/www.buergerbus-weyhe.de\/index.php?rest_route=\/wp\/v2\/types\/page"}],"author":[{"embeddable":true,"href":"https:\/\/www.buergerbus-weyhe.de\/index.php?rest_route=\/wp\/v2\/users\/14"}],"replies":[{"embeddable":true,"href":"https:\/\/www.buergerbus-weyhe.de\/index.php?rest_route=%2Fwp%2Fv2%2Fcomments&post=98"}],"version-history":[{"count":44,"href":"https:\/\/www.buergerbus-weyhe.de\/index.php?rest_route=\/wp\/v2\/pages\/98\/revisions"}],"predecessor-version":[{"id":4669,"href":"https:\/\/www.buergerbus-weyhe.de\/index.php?rest_route=\/wp\/v2\/pages\/98\/revisions\/4669"}],"wp:attachment":[{"href":"https:\/\/www.buergerbus-weyhe.de\/index.php?rest_route=%2Fwp%2Fv2%2Fmedia&parent=98"}],"curies":[{"name":"wp","href":"https:\/\/api.w.org\/{rel}","templated":true}]}}