{"id":24,"date":"2015-01-25T20:24:35","date_gmt":"2015-01-25T18:24:35","guid":{"rendered":"http:\/\/www.xn--brgerbus-weyhe-gsb.de\/wordpress\/?page_id=24"},"modified":"2025-07-08T10:30:47","modified_gmt":"2025-07-08T09:30:47","slug":"mitglied-werden","status":"publish","type":"page","link":"https:\/\/www.buergerbus-weyhe.de\/?page_id=24","title":{"rendered":"Mitglied werden"},"content":{"rendered":"<p>Werden Sie Mitglied und unterst\u00fctzen Sie mit Ihren Beitr\u00e4gen den gemeinn\u00fctzigen Gedanken des Vereins.<\/p>\n<p>Die Einzelmitgliedschaft kostet 24 \u20ac im Jahr, die Familienmitgliedschaft 36 \u20ac und die Firmenmitgliedschaft 48 \u20ac. Die Beitr\u00e4ge werden im\u00a0 ersten Jahr zeitanteilig berechnet. Die Zahlung ist grunds\u00e4tzlich nur per Lastschrift m\u00f6glich.<\/p>\n<p>Fahrer\/innen sind f\u00fcr das Beitragsjahr w\u00e4hrend ihrer aktiven T\u00e4tigkeit von der Beitragszahlung befreit<\/p>\n<p><a href=\"https:\/\/www.buergerbus-weyhe.de\/wp-content\/uploads\/2025\/06\/Buergerbus-Beitrittserklaerung-2025.docx\">Beitrittserkl\u00e4rung B\u00fcrgerBus Weyhe e.V.<\/a><em> (als Word-Dokument)<\/em><\/p>\n<p><em> (Wenn man nach dem download oben auf dem Vordruck &#8222;Bearbeitung aktivieren&#8220; anklickt, kann der Vordruck auch am PC\/Laptop ausgef\u00fcllt werden)<\/em><\/p>\n<p><a href=\"https:\/\/www.buergerbus-weyhe.de\/wp-content\/uploads\/2025\/07\/Buergerbus-Beitrittserklaerung-2025.pdf\">Buergerbus-Beitrittserkl\u00e4rung 2025<\/a> (als PDF-Datei)<\/p>\n<p>Beitrittserkl\u00e4rungen erhalten Sie auch bei den Fahrern\/innen in den Bussen.<\/p>\n<p><strong>Interessenten k\u00f6nnen sich auch an unseren Rechnungsf\u00fchrer wenden:<\/strong><\/p>\n<p>Martin Rieckhoff<br \/>\nTel. 04203-79495<\/p>\n","protected":false},"excerpt":{"rendered":"<p>Werden Sie Mitglied und unterst\u00fctzen Sie mit Ihren Beitr\u00e4gen den gemeinn\u00fctzigen Gedanken des Vereins. Die Einzelmitgliedschaft kostet 24 \u20ac im Jahr, die Familienmitgliedschaft 36 \u20ac und die Firmenmitgliedschaft 48 \u20ac. Die Beitr\u00e4ge werden im\u00a0 ersten Jahr zeitanteilig berechnet. Die Zahlung<\/p>\n","protected":false},"author":14,"featured_media":39,"parent":0,"menu_order":0,"comment_status":"closed","ping_status":"open","template":"","meta":{"footnotes":""},"class_list":["post-24","page","type-page","status-publish","has-post-thumbnail","hentry"],"_links":{"self":[{"href":"https:\/\/www.buergerbus-weyhe.de\/index.php?rest_route=\/wp\/v2\/pages\/24","targetHints":{"allow":["GET"]}}],"collection":[{"href":"https:\/\/www.buergerbus-weyhe.de\/index.php?rest_route=\/wp\/v2\/pages"}],"about":[{"href":"https:\/\/www.buergerbus-weyhe.de\/index.php?rest_route=\/wp\/v2\/types\/page"}],"author":[{"embeddable":true,"href":"https:\/\/www.buergerbus-weyhe.de\/index.php?rest_route=\/wp\/v2\/users\/14"}],"replies":[{"embeddable":true,"href":"https:\/\/www.buergerbus-weyhe.de\/index.php?rest_route=%2Fwp%2Fv2%2Fcomments&post=24"}],"version-history":[{"count":28,"href":"https:\/\/www.buergerbus-weyhe.de\/index.php?rest_route=\/wp\/v2\/pages\/24\/revisions"}],"predecessor-version":[{"id":4509,"href":"https:\/\/www.buergerbus-weyhe.de\/index.php?rest_route=\/wp\/v2\/pages\/24\/revisions\/4509"}],"wp:featuredmedia":[{"embeddable":true,"href":"https:\/\/www.buergerbus-weyhe.de\/index.php?rest_route=\/wp\/v2\/media\/39"}],"wp:attachment":[{"href":"https:\/\/www.buergerbus-weyhe.de\/index.php?rest_route=%2Fwp%2Fv2%2Fmedia&parent=24"}],"curies":[{"name":"wp","href":"https:\/\/api.w.org\/{rel}","templated":true}]}}