{"id":22,"date":"2015-01-25T20:12:24","date_gmt":"2015-01-25T18:12:24","guid":{"rendered":"http:\/\/www.xn--brgerbus-weyhe-gsb.de\/wordpress\/?page_id=22"},"modified":"2024-10-12T08:53:34","modified_gmt":"2024-10-12T07:53:34","slug":"kontakt","status":"publish","type":"page","link":"https:\/\/www.buergerbus-weyhe.de\/?page_id=22","title":{"rendered":"Kontakt"},"content":{"rendered":"<p><strong>Bitte sprechen Sie uns an.\u00a0<\/strong><\/p>\n<p>Wir haben immer ein offenes Ohr f\u00fcr unsere Fahrg\u00e4ste, B\u00fcrger und Interessenten.<\/p>\n<p>Ihre zentrale Anlaufstelle f\u00fcr Fragen, Sorgen und N\u00f6te zum B\u00fcrgerBus Weyhe ist das<\/p>\n<p><strong>B\u00fcrgerBus-Telefon: 0173-6493574 <\/strong>(Montag bis Freitag von 8 bis 18 Uhr an Werktagen)<\/p>\n<p>oder per email an <strong>info@buergerbus-weyhe.de<\/strong><\/p>\n<p><strong>Fahrplan-Ausk\u00fcnfte erhalten Sie beim VBN unter der Telefonnummer 0421-596059 oder unter <a href=\"http:\/\/www.fahrplaner.de\/\">www.fahrplaner.de<\/a><\/strong><\/p>\n","protected":false},"excerpt":{"rendered":"<p>Bitte sprechen Sie uns an.\u00a0 Wir haben immer ein offenes Ohr f\u00fcr unsere Fahrg\u00e4ste, B\u00fcrger und Interessenten. Ihre zentrale Anlaufstelle f\u00fcr Fragen, Sorgen und N\u00f6te zum B\u00fcrgerBus Weyhe ist das B\u00fcrgerBus-Telefon: 0173-6493574 (Montag bis Freitag von 8 bis 18 Uhr<\/p>\n","protected":false},"author":14,"featured_media":0,"parent":0,"menu_order":0,"comment_status":"closed","ping_status":"open","template":"","meta":{"footnotes":""},"class_list":["post-22","page","type-page","status-publish","hentry"],"_links":{"self":[{"href":"https:\/\/www.buergerbus-weyhe.de\/index.php?rest_route=\/wp\/v2\/pages\/22","targetHints":{"allow":["GET"]}}],"collection":[{"href":"https:\/\/www.buergerbus-weyhe.de\/index.php?rest_route=\/wp\/v2\/pages"}],"about":[{"href":"https:\/\/www.buergerbus-weyhe.de\/index.php?rest_route=\/wp\/v2\/types\/page"}],"author":[{"embeddable":true,"href":"https:\/\/www.buergerbus-weyhe.de\/index.php?rest_route=\/wp\/v2\/users\/14"}],"replies":[{"embeddable":true,"href":"https:\/\/www.buergerbus-weyhe.de\/index.php?rest_route=%2Fwp%2Fv2%2Fcomments&post=22"}],"version-history":[{"count":26,"href":"https:\/\/www.buergerbus-weyhe.de\/index.php?rest_route=\/wp\/v2\/pages\/22\/revisions"}],"predecessor-version":[{"id":4157,"href":"https:\/\/www.buergerbus-weyhe.de\/index.php?rest_route=\/wp\/v2\/pages\/22\/revisions\/4157"}],"wp:attachment":[{"href":"https:\/\/www.buergerbus-weyhe.de\/index.php?rest_route=%2Fwp%2Fv2%2Fmedia&parent=22"}],"curies":[{"name":"wp","href":"https:\/\/api.w.org\/{rel}","templated":true}]}}