{"id":12,"date":"2015-01-25T19:46:56","date_gmt":"2015-01-25T17:46:56","guid":{"rendered":"http:\/\/www.xn--brgerbus-weyhe-gsb.de\/wordpress\/?page_id=12"},"modified":"2025-06-25T11:22:49","modified_gmt":"2025-06-25T10:22:49","slug":"vorstand","status":"publish","type":"page","link":"https:\/\/www.buergerbus-weyhe.de\/?page_id=12","title":{"rendered":"Der Vorstand des B\u00fcrgerBus Weyhe e.V."},"content":{"rendered":"<table>\n<tbody>\n<tr>\n<td>\n<p><img loading=\"lazy\" decoding=\"async\" class=\"wp-image-3259 size-medium\" src=\"https:\/\/www.buergerbus-weyhe.de\/wp-content\/uploads\/2023\/07\/Olaf2-300x218.jpg\" alt=\"\" width=\"300\" height=\"218\" srcset=\"https:\/\/www.buergerbus-weyhe.de\/wp-content\/uploads\/2023\/07\/Olaf2-300x218.jpg 300w, https:\/\/www.buergerbus-weyhe.de\/wp-content\/uploads\/2023\/07\/Olaf2-1024x743.jpg 1024w, https:\/\/www.buergerbus-weyhe.de\/wp-content\/uploads\/2023\/07\/Olaf2-150x109.jpg 150w, https:\/\/www.buergerbus-weyhe.de\/wp-content\/uploads\/2023\/07\/Olaf2-768x557.jpg 768w, https:\/\/www.buergerbus-weyhe.de\/wp-content\/uploads\/2023\/07\/Olaf2-1536x1114.jpg 1536w, https:\/\/www.buergerbus-weyhe.de\/wp-content\/uploads\/2023\/07\/Olaf2.jpg 1816w\" sizes=\"auto, (max-width: 300px) 100vw, 300px\" \/><br \/>Olaf Kaiser &#8211; 1. Vorsitzender &#8211;<\/p>\n<p><img loading=\"lazy\" decoding=\"async\" class=\"alignnone wp-image-4453 size-medium\" src=\"https:\/\/www.buergerbus-weyhe.de\/wp-content\/uploads\/2025\/06\/CathrinMahlau-300x169.jpg\" alt=\"\" width=\"300\" height=\"169\" srcset=\"https:\/\/www.buergerbus-weyhe.de\/wp-content\/uploads\/2025\/06\/CathrinMahlau-300x169.jpg 300w, https:\/\/www.buergerbus-weyhe.de\/wp-content\/uploads\/2025\/06\/CathrinMahlau-1024x577.jpg 1024w, https:\/\/www.buergerbus-weyhe.de\/wp-content\/uploads\/2025\/06\/CathrinMahlau-150x84.jpg 150w, https:\/\/www.buergerbus-weyhe.de\/wp-content\/uploads\/2025\/06\/CathrinMahlau-768x432.jpg 768w, https:\/\/www.buergerbus-weyhe.de\/wp-content\/uploads\/2025\/06\/CathrinMahlau-1536x865.jpg 1536w, https:\/\/www.buergerbus-weyhe.de\/wp-content\/uploads\/2025\/06\/CathrinMahlau.jpg 2000w\" sizes=\"auto, (max-width: 300px) 100vw, 300px\" \/><br \/>Cathrin Mahlau &#8211; 2. Vorsitzende &#8211;<\/p>\n<p><img loading=\"lazy\" decoding=\"async\" class=\"alignnone size-medium wp-image-3256\" src=\"https:\/\/www.buergerbus-weyhe.de\/wp-content\/uploads\/2023\/07\/sabine-300x200.jpg\" alt=\"\" width=\"300\" height=\"200\" srcset=\"https:\/\/www.buergerbus-weyhe.de\/wp-content\/uploads\/2023\/07\/sabine-300x200.jpg 300w, https:\/\/www.buergerbus-weyhe.de\/wp-content\/uploads\/2023\/07\/sabine-1024x682.jpg 1024w, https:\/\/www.buergerbus-weyhe.de\/wp-content\/uploads\/2023\/07\/sabine-150x100.jpg 150w, https:\/\/www.buergerbus-weyhe.de\/wp-content\/uploads\/2023\/07\/sabine-768x511.jpg 768w, https:\/\/www.buergerbus-weyhe.de\/wp-content\/uploads\/2023\/07\/sabine.jpg 1280w\" sizes=\"auto, (max-width: 300px) 100vw, 300px\" \/><br \/>Sabine M\u00fcller &#8211; 3. Vorsitzende &#8211;<\/p>\n<p><img loading=\"lazy\" decoding=\"async\" class=\"alignnone wp-image-4454 size-medium\" src=\"https:\/\/www.buergerbus-weyhe.de\/wp-content\/uploads\/2025\/06\/MartinRieckhoff-300x169.jpg\" alt=\"\" width=\"300\" height=\"169\" srcset=\"https:\/\/www.buergerbus-weyhe.de\/wp-content\/uploads\/2025\/06\/MartinRieckhoff-300x169.jpg 300w, https:\/\/www.buergerbus-weyhe.de\/wp-content\/uploads\/2025\/06\/MartinRieckhoff-1024x577.jpg 1024w, https:\/\/www.buergerbus-weyhe.de\/wp-content\/uploads\/2025\/06\/MartinRieckhoff-150x84.jpg 150w, https:\/\/www.buergerbus-weyhe.de\/wp-content\/uploads\/2025\/06\/MartinRieckhoff-768x432.jpg 768w, https:\/\/www.buergerbus-weyhe.de\/wp-content\/uploads\/2025\/06\/MartinRieckhoff-1536x865.jpg 1536w, https:\/\/www.buergerbus-weyhe.de\/wp-content\/uploads\/2025\/06\/MartinRieckhoff.jpg 2000w\" sizes=\"auto, (max-width: 300px) 100vw, 300px\" \/><\/p>\n<p>Martin Rieckhoff &#8211; Rechnungsf\u00fchrer &#8211;<\/p>\n<p><img loading=\"lazy\" decoding=\"async\" class=\"alignnone size-medium wp-image-3257\" src=\"https:\/\/www.buergerbus-weyhe.de\/wp-content\/uploads\/2023\/07\/Lothar-300x200.jpg\" alt=\"\" width=\"300\" height=\"200\" srcset=\"https:\/\/www.buergerbus-weyhe.de\/wp-content\/uploads\/2023\/07\/Lothar-300x200.jpg 300w, https:\/\/www.buergerbus-weyhe.de\/wp-content\/uploads\/2023\/07\/Lothar-1024x682.jpg 1024w, https:\/\/www.buergerbus-weyhe.de\/wp-content\/uploads\/2023\/07\/Lothar-150x100.jpg 150w, https:\/\/www.buergerbus-weyhe.de\/wp-content\/uploads\/2023\/07\/Lothar-768x511.jpg 768w, https:\/\/www.buergerbus-weyhe.de\/wp-content\/uploads\/2023\/07\/Lothar.jpg 1280w\" sizes=\"auto, (max-width: 300px) 100vw, 300px\" \/><br \/>Lothar Cordes &#8211; Fahrdienstleiter &#8211;<\/p>\n<\/td>\n<td>\n<p><img loading=\"lazy\" decoding=\"async\" class=\"alignnone  wp-image-3255\" src=\"https:\/\/www.buergerbus-weyhe.de\/wp-content\/uploads\/2023\/07\/Peter-300x200.jpg\" alt=\"\" width=\"292\" height=\"194\" srcset=\"https:\/\/www.buergerbus-weyhe.de\/wp-content\/uploads\/2023\/07\/Peter-300x200.jpg 300w, https:\/\/www.buergerbus-weyhe.de\/wp-content\/uploads\/2023\/07\/Peter-1024x682.jpg 1024w, https:\/\/www.buergerbus-weyhe.de\/wp-content\/uploads\/2023\/07\/Peter-150x100.jpg 150w, https:\/\/www.buergerbus-weyhe.de\/wp-content\/uploads\/2023\/07\/Peter-768x511.jpg 768w, https:\/\/www.buergerbus-weyhe.de\/wp-content\/uploads\/2023\/07\/Peter.jpg 1280w\" sizes=\"auto, (max-width: 292px) 100vw, 292px\" \/><br \/>Peter Meyer &#8211; Schriftf\u00fchrer \/ homepage &#8211;<\/p>\n<p><img loading=\"lazy\" decoding=\"async\" class=\"alignnone wp-image-4452 size-medium\" src=\"https:\/\/www.buergerbus-weyhe.de\/wp-content\/uploads\/2025\/06\/AndreasHaar-300x169.jpg\" alt=\"\" width=\"300\" height=\"169\" srcset=\"https:\/\/www.buergerbus-weyhe.de\/wp-content\/uploads\/2025\/06\/AndreasHaar-300x169.jpg 300w, https:\/\/www.buergerbus-weyhe.de\/wp-content\/uploads\/2025\/06\/AndreasHaar-1024x577.jpg 1024w, https:\/\/www.buergerbus-weyhe.de\/wp-content\/uploads\/2025\/06\/AndreasHaar-150x84.jpg 150w, https:\/\/www.buergerbus-weyhe.de\/wp-content\/uploads\/2025\/06\/AndreasHaar-768x432.jpg 768w, https:\/\/www.buergerbus-weyhe.de\/wp-content\/uploads\/2025\/06\/AndreasHaar-1536x865.jpg 1536w, https:\/\/www.buergerbus-weyhe.de\/wp-content\/uploads\/2025\/06\/AndreasHaar.jpg 2000w\" sizes=\"auto, (max-width: 300px) 100vw, 300px\" \/><\/p>\n<p>Andreas Haar<br \/>1. Beisitzer &#8211; Technik &#8211;<\/p>\n<\/td>\n<\/tr>\n<\/tbody>\n<\/table>\n\n\n<p><\/p>\n\n\n\n<p><\/p>\n","protected":false},"excerpt":{"rendered":"<p>Olaf Kaiser &#8211; 1. Vorsitzender &#8211; Cathrin Mahlau &#8211; 2. Vorsitzende &#8211; Sabine M\u00fcller &#8211; 3. Vorsitzende &#8211; Martin Rieckhoff &#8211; Rechnungsf\u00fchrer &#8211; Lothar Cordes &#8211; Fahrdienstleiter &#8211; Peter Meyer &#8211; Schriftf\u00fchrer \/ homepage &#8211; Andreas Haar1. Beisitzer &#8211; Technik<\/p>\n","protected":false},"author":14,"featured_media":0,"parent":0,"menu_order":0,"comment_status":"closed","ping_status":"open","template":"","meta":{"footnotes":""},"class_list":["post-12","page","type-page","status-publish","hentry"],"_links":{"self":[{"href":"https:\/\/www.buergerbus-weyhe.de\/index.php?rest_route=\/wp\/v2\/pages\/12","targetHints":{"allow":["GET"]}}],"collection":[{"href":"https:\/\/www.buergerbus-weyhe.de\/index.php?rest_route=\/wp\/v2\/pages"}],"about":[{"href":"https:\/\/www.buergerbus-weyhe.de\/index.php?rest_route=\/wp\/v2\/types\/page"}],"author":[{"embeddable":true,"href":"https:\/\/www.buergerbus-weyhe.de\/index.php?rest_route=\/wp\/v2\/users\/14"}],"replies":[{"embeddable":true,"href":"https:\/\/www.buergerbus-weyhe.de\/index.php?rest_route=%2Fwp%2Fv2%2Fcomments&post=12"}],"version-history":[{"count":56,"href":"https:\/\/www.buergerbus-weyhe.de\/index.php?rest_route=\/wp\/v2\/pages\/12\/revisions"}],"predecessor-version":[{"id":4456,"href":"https:\/\/www.buergerbus-weyhe.de\/index.php?rest_route=\/wp\/v2\/pages\/12\/revisions\/4456"}],"wp:attachment":[{"href":"https:\/\/www.buergerbus-weyhe.de\/index.php?rest_route=%2Fwp%2Fv2%2Fmedia&parent=12"}],"curies":[{"name":"wp","href":"https:\/\/api.w.org\/{rel}","templated":true}]}}